 a be r(3). Let c = 17 + a. Calculate the remainder when h is divided by c.
5
Let v = 2 + 2. Calculate the remainder when (-24)/18*(-27)/2 is divided by v.
2
Suppose -5*l - 22 - 66 = -g, -g + 48 = 5*l. Let s(r) = -4*r + 35. Calculate the remainder when g is divided by s(3).
22
Let u(n) = -n**3 + 7*n**2 + 7*n + 14. Let m(b) = b**2 - 5*b - 6. Let h be m(7). Calculate the remainder when 28 is divided by u(h).
4
Let a = -2 + 4. Suppose 4*h = -2*b + 26, -2*b - b + a*h + 7 = 0. Suppose -2*q - 69 = -b*q. What is the remainder when q is divided by 6?
5
Let m(r) = -4*r + 1. Let q be m(0). Calculate the remainder when 189 is divided by 3/(-1) + 50 + q + 0.
45
Suppose 879*n - 863*n = 560. What is the remainder when 551 is divided by n?
26
Let d(w) = 2*w**2 - w + 10. What is the remainder when 366 is divided by d(-4)?
44
Let b be 1 - (1 - 1)/1. Let g = b - -1. What is the remainder when ((-7)/1)/(2 + -3) is divided by g?
1
Calculate the remainder when 39 + (2 - 8) + 102/34 is divided by 20.
16
Let g = -273 + 563. Suppose 2*u + 3*s - 8*s - 416 = 0, -1011 = -5*u - 2*s. Let p = g - u. Calculate the remainder when p is divided by 22.
21
Suppose 0 = -c + 6*c - 3*a - 796, 498 = 3*c + 5*a. What is the remainder when c is divided by 84?
77
Let n(r) = -r**3 + 10*r**2 - 14*r + 17. Let i be n(8). Suppose h = 4*q - 57, 3*q - 5*h = 31 + i. What is the remainder when q is divided by 7?
6
Let x = 0 - -38. Let v(t) = -8*t + 368. What is the remainder when v(32) is divided by x?
36
Let o = 398 + -217. What is the remainder when o is divided by 63?
55
Suppose 3*i = 38 - 14. Suppose -k + i = -9. Calculate the remainder when k is divided by 7.
3
Calculate the remainder when 22 is divided by (-4)/(3 + -7) + -6 + 18.
9
Suppose 4*z - 225 - 339 = 2*j, -3*z - 2*j + 423 = 0. Calculate the remainder when z is divided by 6180/721*28/10.
21
Let c(w) = 79*w**2 + w. Let l be c(-2). Suppose -4*p + l = -0*a - 2*a, 5*p = 5*a + 405. Calculate the remainder when p is divided by 20.
16
Let j = 190 - 151. Calculate the remainder when j is divided by 12.
3
Suppose 10 = -2*t - 3*t, 4*t + 24 = 4*h. Suppose -2*v - 188 = -4*r, 4*r - 3*r = h*v + 47. Calculate the remainder when r is divided by 8.
7
Suppose 7*c = -1037 + 1303. What is the remainder when 873 is divided by c?
37
Calculate the remainder when (-5 + 8)*106/3 is divided by 17 + (-4 + 5)*5.
18
What is the remainder when 47 is divided by -1*(3*5/15 + -14)?
8
Let l(d) be the third derivative of d**5/6 + d**4/12 - 11*d**2. What is the remainder when l(-3) is divided by 17?
16
Let i(g) = 15*g + 3. What is the remainder when i(5) is divided by (-24)/(-9) - (-7)/(168/8)?
0
Suppose -28*a - 57 = -645. Calculate the remainder when 35 is divided by a.
14
Suppose 0 = -3*s + 85 + 50. Calculate the remainder when 176 is divided by s.
41
Suppose -s = 11*s - 1584. Calculate the remainder when s is divided by 68.
64
Let r be 7 - (0 + -2 + 3). Suppose -r*c = -147 - 81. Suppose 2*l - c - 2 = 0. What is the remainder when 38 is divided by l?
18
Suppose m - 925 = -4*m. Let q be (m/(-15))/(1/(-3)). Suppose 4*v - 39 = q. Calculate the remainder when v is divided by 7.
5
Suppose -4*f = n + 15, 4*f + 11 = 2*n - 7. What is the remainder when 15 is divided by (-36)/2*n/(-3)?
3
Calculate the remainder when ((-6)/8)/(9/(-132)) is divided by 11.
0
Let t = 2098 - 2082. What is the remainder when t is divided by 7?
2
Let f = -133 + 319. Calculate the remainder when f is divided by 4.
2
Let t(g) = -g**3 + 28*g**2 + 3*g - 39. What is the remainder when 177 is divided by t(28)?
42
Let t(p) = 3*p - 11. Let b be t(5). Suppose 31 = y + m - b, 4*y - 136 = -2*m. What is the remainder when 63 is divided by y?
30
Suppose -b - 20 = -6*b - 5*g, 6 = -3*g. Let f = 9 - 6. Suppose 0*j + 30 = 2*j - 4*n, 36 = 3*j - f*n. Calculate the remainder when j is divided by b.
3
Suppose -4*t = -5*z - 111, 16 + 105 = 4*t - 3*z. What is the remainder when 129 is divided by t?
27
Let v be (28/35)/(4/10). Suppose 213 = v*l + m, 3*l + m = 80 + 240. What is the remainder when l is divided by 22?
19
Let a = 15 + 5. Suppose 4*i - a = -i. Suppose 2*j - 42 = -i*t, 1 = t - 4. What is the remainder when 32 is divided by j?
10
Let x(w) = w**3 + 6*w**2 - 30*w - 158. Calculate the remainder when 152 is divided by x(-6).
20
Let v be -2*(16/(-4))/(-8). Calculate the remainder when (5 - 2) + (-92)/v is divided by 25.
20
Let k = 64 + -11. Let b(n) = -n**2 + 8*n - 1. Let h be b(8). What is the remainder when k is divided by -1 - -2 - h*13?
11
Let n(g) = 2*g**2 + 18*g + 90. What is the remainder when n(-7) is divided by 23?
16
Let b = 28 - 22. Suppose -y - 550 = -b*y. What is the remainder when y is divided by 14?
12
Suppose 12 = r + 3*v, 3*r - 6*v + v + 6 = 0. Let s(p) = -p**3 + 5*p**r - 3*p**3 - 9*p**2 + 6*p + 4 + 2*p. Calculate the remainder when 14 is divided by s(8).
2
Let d(o) = o**3 + 5*o**2 - 8*o. Let t = 7 - 13. Let n = -297 + 304. What is the remainder when d(t) is divided by n?
5
Suppose -4*c + 14 + 42 = 0. Let w = 32 - c. Let b = w - -11. What is the remainder when b is divided by 10?
9
Suppose -5*v + 9*v = 5*j + 95, -49 = -2*v + j. Calculate the remainder when 62 is divided by v.
12
Let v(l) be the first derivative of l**4/4 + l**3 - l**2/2 + l - 4. Let u = -16 + 28. Calculate the remainder when u is divided by v(-2).
5
Calculate the remainder when (-35855)/(-142) + 3/2 is divided by 56.
30
What is the remainder when (-4)/((-94)/180 - (-10)/20) is divided by ((-3)/(-1))/(-8 + (-422)/(-52))?
24
Suppose -4*r = -4, -8*r - 265 = -4*c - 5*r. Calculate the remainder when c is divided by 25.
17
Suppose 0 = -z - a + 156, -4*a + 315 = 2*z - 5*a. What is the remainder when z is divided by 23?
19
Let x be ((-7)/(-21))/((-2)/6). Let b = x - -6. Suppose -3*p + 4*r = -23, -4*p + r = -0*p - 35. What is the remainder when p is divided by b?
4
Let x = -9 + 11. Suppose -2*o = 3*o - 5*v - 60, -x*v - 3 = o. Suppose -4*n = -3*n - 13. What is the remainder when n is divided by o?
6
What is the remainder when 123 is divided by (-6)/(155/55 - 3)?
24
Suppose 4*k = 5*t - 665, -k = 3*t - 6*k - 386. Calculate the remainder when t is divided by 6.
5
Let o = -8 + 10. Suppose -3*c + 31 = -2*b, 3*b + 53 = 4*c - o*b. Suppose -2*i - 70 = -c*i. Calculate the remainder when i is divided by 5.
4
Let a = 156 - 143. Let t be 3/(-6) + 9/2. Suppose l + 176 = 5*b, b - t*l - 16 = l. Calculate the remainder when b is divided by a.
10
Suppose -3*c + 356 = 4*y, -20*y + 2*c = -24*y + 356. What is the remainder when y is divided by 84?
5
Calculate the remainder when (86/(-2) - 1)/(1/(-4)) is divided by 71.
34
Suppose 5*w - 1331 + 1171 = 0. What is the remainder when 157 is divided by w?
29
Suppose 3*x - 63 = -6. Let o(c) = 10*c**2 + 26*c + 48. What is the remainder when o(-2) is divided by x?
17
Suppose -4*w - 5*q = 184 - 34, -8 = 4*q. Let f be 2/(-7) - 395/w. Let g = f + -7. Calculate the remainder when 14 is divided by g.
2
Let n be (-2 - -1)/((-4)/(-444)). Let i = -43 - n. What is the remainder when i is divided by 14?
12
Let m = 63 + -41. Suppose -2*f = 4*d + 34, 4*d + 6 = -2. Let w = 56 + f. Calculate the remainder when w is divided by m.
21
Let i be 165/(-45) - 4/(-6). Let c(v) = -v**2. Let o be c(3). Calculate the remainder when 30 is divided by (i/o)/(2/66).
8
Let j(c) = -18*c - 153. What is the remainder when j(-15) is divided by 50?
17
Let n(l) = -l**2 + 20*l + 1. Let p(c) = -c**2 + 19*c. Let f(o) = 3*n(o) - 4*p(o). Suppose -g - 80 = -6*g. Calculate the remainder when 4 is divided by f(g).
1
Suppose -3*c = -219 + 57. What is the remainder when c is divided by 4?
2
Suppose -11*b - 46 = -178. What is the remainder when 352 is divided by b?
4
Suppose -2*t = -6 - 6. What is the remainder when (-536)/(-6) - 2/t is divided by 23?
20
Suppose 2*k - 5*k + 30 = 0. Suppose -k*q - 420 = -15*q. What is the remainder when q is divided by 29?
26
Let o(q) = -q**2 - 26*q - 62. Let m be o(-23). Suppose -15*g + 1624 = -m*g. What is the remainder when g is divided by 52?
47
Let g(y) = y**3 + 15*y**2 + 12*y - 8. Let l(v) = -12*v - 2. Let i be l(1). What is the remainder when 77 is divided by g(i)?
17
What is the remainder when 156 is divided by ((-360)/32 - -11)*-244?
34
Suppose -272 = -4*o - 3*w, 4*w = -2*o - 0*o + 126. Let k = 102 - o. Let l(x) = -32*x - 5